.
76
What is the greatest common divisor of 1364820490 and 4664?
1166
What is the greatest common divisor of 29 and 3566449?
29
Calculate the highest common divisor of 82717278 and 126.
42
Calculate the greatest common factor of 1799 and 10724.
7
What is the greatest common factor of 253749 and 2?
1
Calculate the greatest common divisor of 6747 and 479369679.
519
What is the highest common factor of 84781 and 42675?
569
What is the highest common factor of 531 and 15373099?
59
What is the greatest common divisor of 2632 and 320753944?
2632
Calculate the greatest common divisor of 2795605 and 8685.
965
Calculate the highest common divisor of 11752 and 140911.
113
What is the greatest common factor of 112726846 and 6268?
3134
Calculate the greatest common factor of 320 and 499677312.
64
What is the highest common factor of 5840 and 33426992?
1168
What is the highest common divisor of 78078108 and 24?
12
What is the highest common divisor of 4509 and 21209?
167
Calculate the highest common divisor of 1332 and 24587980.
148
What is the highest common factor of 2456 and 2924499192?
2456
What is the greatest common divisor of 18426465 and 60?
15
What is the highest common factor of 15393881 and 3019?
3019
Calculate the greatest common factor of 7584 and 394272.
96
What is the highest common divisor of 259767417 and 546?
273
Calculate the highest common divisor of 35980 and 97426.
14
Calculate the highest common divisor of 13675 and 3037491.
547
Calculate the greatest common divisor of 343112985 and 90.
45
Calculate the highest common factor of 124217920 and 1120.
160
What is the highest common factor of 5605750 and 2796500?
4250
What is the highest common factor of 441885 and 9345?
1335
Calculate the greatest common factor of 822352 and 374096.
1648
Calculate the highest common divisor of 48840827 and 133.
7
Calculate the highest common divisor of 567 and 42814492.
7
Calculate the greatest common divisor of 3327201 and 1710.
9
Calculate the highest common factor of 910 and 337981.
7
Calculate the highest common factor of 1000846 and 244684.
1474
Calculate the highest common factor of 7407326 and 4154.
62
What is the highest common divisor of 2458332 and 4600?
92
What is the highest common factor of 57 and 116368692?
57
What is the greatest common divisor of 9730062 and 486?
18
What is the greatest common factor of 438945 and 43355?
65
Calculate the highest common factor of 47240 and 13820.
20
Calculate the greatest common divisor of 35368047 and 198.
99
What is the greatest common divisor of 18166 and 51021848?
586
Calculate the greatest common divisor of 1744 and 121315256.
872
What is the highest common divisor of 3320 and 13229540?
20
What is the highest common factor of 692317 and 522?
29
What is the greatest common factor of 186 and 2247717?
93
What is the highest common factor of 303259 and 1265?
11
What is the greatest common divisor of 31770 and 7862369?
353
What is the greatest common divisor of 5760 and 873135?
45
What is the highest common divisor of 91 and 7930741?
91
What is the highest common divisor of 6940 and 827955880?
6940
What is the highest common factor of 29519842 and 4?
2
What is the greatest common divisor of 2028 and 235869244?
676
What is the highest common factor of 711205 and 33?
11
Calculate the highest common divisor of 109 and 138752749.
109
What is the highest common divisor of 60515004 and 284?
284
What is the highest common divisor of 45994595 and 2415?
115
What is the highest common divisor of 5150 and 27518510?
1030
What is the highest common divisor of 13512003 and 16527?
2361
What is the greatest common divisor of 117 and 704034?
9
What is the highest common divisor of 21662058 and 1122?
66
Calculate the highest common factor of 11168 and 16832.
32
Calculate the greatest common factor of 18096 and 57859698.
2262
Calculate the greatest common divisor of 167787 and 3231936.
1629
Calculate the greatest common divisor of 56 and 3123141.
7
Calculate the highest common divisor of 110 and 817058.
22
What is the greatest common divisor of 28762983 and 2088?
261
What is the greatest common divisor of 1152336 and 112?
16
Calculate the highest common factor of 1741 and 348602171.
1741
Calculate the highest common factor of 65468 and 82849.
13
Calculate the greatest common divisor of 15317425 and 340.
85
What is the greatest common factor of 10921424 and 25424?
3632
Calculate the highest common factor of 223637251 and 9663.
3221
Calculate the highest common factor of 969 and 982680.
57
Calculate the greatest common factor of 9761 and 5221.
227
Calculate the greatest common factor of 1448706 and 24514.
238
Calculate the highest common factor of 282367637 and 271.
271
Calculate the highest common factor of 14 and 2374008980.
14
Calculate the highest common divisor of 17114562 and 18.
18
What is the highest common factor of 84546 and 11088?
1386
Calculate the highest common factor of 58354533 and 54.
27
What is the highest common factor of 1176 and 18151266?
294
Calculate the greatest common divisor of 3282380 and 784.
4
What is the greatest common factor of 2332 and 66038?
106
What is the highest common divisor of 466944 and 33288?
456
What is the greatest common factor of 2082402 and 38367?
1323
What is the highest common factor of 9255 and 358022271?
1851
Calculate the highest common factor of 23304 and 71634.
6
Calculate the highest common divisor of 19792 and 1357424.
16
Calculate the greatest common factor of 3306 and 1246249596.
3306
What is the greatest common divisor of 128 and 703712?
32
What is the highest common factor of 9117 and 67871?
1013
Calculate the highest common divisor of 537778 and 238.
34
What is the greatest common divisor of 7170240 and 140?
140
What is the highest common divisor of 276426 and 9396?
54
Calculate the highest common divisor of 33695625 and 425.
25
Calculate the highest common divisor of 393640075 and 1675.
1675
Calculate the highest common factor of 6585375 and 5.
5
Calculate the highest common divisor of 545003715 and 1333.
1333
What is the greatest common factor of 6847638 and 96558?
798
What is the highest common divisor of 1790 and 152005010?
1790
What is the highest common divisor of 455416 and 13949?
377
Calculate the highest common factor of 42871817 and 2279.
43
Calculate the highest common factor of 88 and 167622400.
88
Calculate the greatest common factor of 1716 and 1720284.
12
Calculate the highest common factor of 20 and 5631805.
5
What is the greatest common factor of 60 and 885936684?
12
Calculate the greatest common divisor of 1000 and 2178940.
20
Calculate the greatest common factor of 104988586 and 6.
2
Calculate the greatest common divisor of 22413267 and 1863.
81
Calculate the highest common divisor of 15 and 429145005.
15
Calculate the highest common factor of 35121 and 2718060.
1527
Calculate the highest common factor of 35 and 112099267.
7
Calculate the greatest common factor of 953756400 and 800.
400
What is the greatest common factor of 1185 and 4336705?
395
What is the highest common factor of 45 and 44898795?
45
What is the highest common factor of 1226 and 234672?
2
What is the highest common factor of 8835562 and 3138?
1046
What is the greatest common divisor of 47563888 and 386360?
5944
What is the highest common factor of 48063 and 33?
3
Calculate the greatest common divisor of 43699 and 86686.
89
What is the highest common factor of 12 and 1608042?
6
What is the greatest common factor of 188 and 96488932?
188
Calculate the greatest common factor of 1146390 and 4240.
530
Calculate the greatest common divisor of 2777325665 and 415.
415
Calculate the greatest common divisor of 8855 and 22660.
55
Calculate the greatest common factor of 3833364 and 7820.
1564
What is the greatest common factor of 4018504 and 5621?
511
What is the highest common factor of 873 and 18518561?
97
Calculate the greatest common divisor of 8976606 and 776130.
3786
Calculate the greatest common divisor of 68572 and 917980.
2212
Calculate the greatest common divisor of 204694 and 9660.
14
Calculate the greatest common factor of 16168 and 2318980.
188
What is the greatest common factor of 1112488 and 12904?
8
Calculate the greatest common divisor of 77265 and 76470.
15
Calculate th